Calculate the remainder when 55583 is divided by 193.
192
Calculate the remainder when 46428 is divided by 2729.
35
What is the remainder when 7596 is divided by 757?
26
Calculate the remainder when 36470 is divided by 18233.
4
What is the remainder when 855748 is divided by 250?
248
Calculate the remainder when 2108 is divided by 42.
8
Calculate the remainder when 499123 is divided by 121.
119
What is the remainder when 12300 is divided by 3974?
378
What is the remainder when 6447 is divided by 489?
90
Calculate the remainder when 27029 is divided by 644.
625
What is the remainder when 41871 is divided by 38?
33
What is the remainder when 285999 is divided by 8?
7
Calculate the remainder when 53167 is divided by 1131.
10
Calculate the remainder when 694011 is divided by 206.
203
Calculate the remainder when 212563 is divided by 37.
35
What is the remainder when 35761 is divided by 68?
61
What is the remainder when 16624 is divided by 8040?
544
Calculate the remainder when 3050 is divided by 162.
134
Calculate the remainder when 102197 is divided by 10.
7
What is the remainder when 247283 is divided by 2778?
41
What is the remainder when 17439 is divided by 8718?
3
What is the remainder when 33062 is divided by 16526?
10
What is the remainder when 6511 is divided by 342?
13
What is the remainder when 15376 is divided by 2196?
4
Calculate the remainder when 56079 is divided by 297.
243
What is the remainder when 67521 is divided by 22443?
192
What is the remainder when 1669 is divided by 502?
163
What is the remainder when 7624 is divided by 68?
8
What is the remainder when 2595 is divided by 2445?
150
What is the remainder when 1134 is divided by 91?
42
What is the remainder when 13032 is divided by 218?
170
Calculate the remainder when 155495 is divided by 186.
185
What is the remainder when 587 is divided by 72?
11
What is the remainder when 189387 is divided by 952?
891
What is the remainder when 3612 is divided by 294?
84
Calculate the remainder when 749783 is divided by 24.
23
What is the remainder when 1822125 is divided by 181?
179
What is the remainder when 88607 is divided by 97?
46
Calculate the remainder when 10705 is divided by 106.
105
Calculate the remainder when 877 is divided by 862.
15
Calculate the remainder when 1568 is divided by 772.
24
What is the remainder when 3340 is divided by 3308?
32
Calculate the remainder when 24762 is divided by 29.
25
Calculate the remainder when 462 is divided by 19.
6
What is the remainder when 1050 is divided by 132?
126
Calculate the remainder when 5683 is divided by 105.
13
What is the remainder when 313190 is divided by 89?
88
What is the remainder when 14 is divided by 7?
0
Calculate the remainder when 13638 is divided by 2260.
78
What is the remainder when 24300 is divided by 2430?
0
What is the remainder when 17822 is divided by 1500?
1322
What is the remainder when 1261 is divided by 1138?
123
Calculate the remainder when 7125 is divided by 414.
87
Calculate the remainder when 170995 is divided by 21.
13
What is the remainder when 20933 is divided by 20929?
4
Calculate the remainder when 14394 is divided by 300.
294
What is the remainder when 51267 is divided by 12809?
31
What is the remainder when 8377 is divided by 57?
55
What is the remainder when 5638 is divided by 227?
190
What is the remainder when 6358 is divided by 1256?
78
Calculate the remainder when 722 is divided by 40.
2
Calculate the remainder when 2390 is divided by 1464.
926
Calculate the remainder when 117390 is divided by 117351.
39
Calculate the remainder when 4917 is divided by 4828.
89
What is the remainder when 193858 is divided by 18?
16
What is the remainder when 305529 is divided by 92?
89
What is the remainder when 1334 is divided by 128?
54
Calculate the remainder when 2166 is divided by 1931.
235
Calculate the remainder when 19487 is divided by 5970.
1577
Calculate the remainder when 8019 is divided by 373.
186
Calculate the remainder when 79535 is divided by 39729.
77
Calculate the remainder when 33435 is divided by 255.
30
What is the remainder when 505399 is divided by 123?
115
What is the remainder when 42352 is divided by 21166?
20
What is the remainder when 8854 is divided by 51?
31
Calculate the remainder when 10917 is divided by 10888.
29
Calculate the remainder when 17426 is divided by 30.
26
What is the remainder when 11207 is divided by 35?
7
What is the remainder when 44691 is divided by 8?
3
What is the remainder when 733581 is divided by 116?
113
Calculate the remainder when 18221 is divided by 89.
65
Calculate the remainder when 28958 is divided by 72.
14
What is the remainder when 2285 is divided by 457?
0
Calculate the remainder when 582300 is divided by 1186.
1160
Calculate the remainder when 65420 is divided by 5942.
58
Calculate the remainder when 28404 is divided by 42.
12
What is the remainder when 651 is divided by 54?
3
What is the remainder when 6638 is divided by 2169?
131
Calculate the remainder when 1131 is divided by 177.
69
Calculate the remainder when 223399 is divided by 223398.
1
Calculate the remainder when 233113 is divided by 116539.
35
Calculate the remainder when 63021 is divided by 121.
101
What is the remainder when 29218 is divided by 7272?
130
What is the remainder when 1114492 is divided by 2229?
2221
What is the remainder when 303 is divided by 77?
72
What is the remainder when 5839 is divided by 146?
145
What is the remainder when 440952 is divided by 717?
714
What is the remainder when 6264770 is divided by 18?
14
Calculate the remainder when 60082 is divided by 36.
34
What is the remainder when 21587 is divided by 6987?
626
What is the remainder when 148199 is divided by 156?
155
Calculate the remainder when 1824 is divided by 237.
165
Calculate the remainder when 11054 is divided by 158.
152
What is the remainder when 2251 is divided by 150?
1
What is the remainder when 264889 is divided by 371?
366
Calculate the remainder when 8256 is divided by 2743.
27
What is the remainder when 3327 is divided by 26?
25
Calculate the remainder when 26823 is divided by 155.
8
What is the remainder when 4575658 is divided by 10?
8
What is the remainder when 3594 is divided by 308?
206
What is the remainder when 65412 is divided by 32699?
14
What is the remainder when 30263 is divided by 164?
87
Calculate the remainder when 284799 is divided by 40.
39
Calculate the remainder when 7513 is divided by 536.
9
What is the remainder when 362063 is divided by 24136?
23
Calculate the remainder when 9856 is divided by 318.
316
What is the remainder when 26833 is divided by 4?
1
What is the remainder when 43046 is divided by 41?
37
What is the remainder when 50108 is divided by 5?
3
What is the remainder when 32528 is divided by 460?
328
What is the remainder when 150378 is divided by 231?
228
Calculate the remainder when 4776854 is divided by 394.
392
Calculate the remainder when 116388 is divided by 44.
8
What is the remainder when 1659 is divided by 215?
154
Calculate the remainder when 380 is divided by 32.
28
What is the remainder when 9700 is divided by 21?
19
Calculate the remainder when 56590 is divided by 49.
44
Calculate the remainder when 4863632 is divided by 166.
164
What is the remainder when 49541 is divided by 47?
3
What is the remainder when 2037 is divided by 827?
383
What is the remainder when 14847 is divided by 3645?
267
What is the remainder when 4628 is divided by 577?
12
What is the remainder when 23169 is divided by 4629?
24
What is the remainder when 15133 is divided by 89?
3
What is the remainder when 3969 is divided by 521?
322
Calculate the remainder when 700979 is divided by 105.
104
What is the remainder when 33695 is divided by 16808?
79
What is the remainder when 72281 is divided by 286?
209
Calculate the remainder when 658941 is divided by 2554.
9
What is the remainder when 404138 is divided by 20?
18
Calculate the remainder when 148757 is divided by 865.
842
What is the remainder when 6337 is divided by 69?
58
What is the remainder when 1244 is divided by 263?
192
Calculate the remainder when 4663 is divided by 72.
55
Calculate the remainder when 12262 is divided by 1234.
1156
What is the remainder when 2031 is divided by 556?
363
What is the rema